 178771224?
2, 3, 967, 7703
What are the prime factors of 53799660?
2, 3, 5, 67, 1487
What are the prime factors of 38379765?
3, 5, 571, 4481
List the prime factors of 914705625.
3, 5, 487843
What are the prime factors of 742973692?
2, 23, 8075801
What are the prime factors of 324464529?
3, 41, 179, 14737
List the prime factors of 20881675.
5, 79, 97, 109
What are the prime factors of 27705245?
5, 2237, 2477
List the prime factors of 3963787212.
2, 3, 7, 11, 293
What are the prime factors of 53283016?
2, 6660377
List the prime factors of 4371714269.
13, 127, 2647919
List the prime factors of 835457198.
2, 23, 3359, 5407
What are the prime factors of 4353993866?
2, 2176996933
What are the prime factors of 1114037653?
89, 12517277
List the prime factors of 23620626.
2, 3, 421, 1039
List the prime factors of 3568213284.
2, 3, 23, 367, 35227
What are the prime factors of 34666912?
2, 7, 22109
List the prime factors of 5753325136.
2, 13, 709, 3001
List the prime factors of 226318300.
2, 5, 13, 174091
What are the prime factors of 686695207?
11, 19, 298693
What are the prime factors of 164249007?
3, 13, 4211513
What are the prime factors of 44214409?
149, 296741
What are the prime factors of 214733944?
2, 97, 167, 1657
What are the prime factors of 28085094?
2, 3, 151, 10333
What are the prime factors of 53774234?
2, 26887117
What are the prime factors of 183102604?
2, 5659, 8089
List the prime factors of 3285486817.
37, 88796941
What are the prime factors of 78098775?
3, 5, 1041317
What are the prime factors of 22549813?
11, 13, 71, 2221
What are the prime factors of 1420844152?
2, 7, 13, 1951709
List the prime factors of 34880032.
2, 11, 197, 503
What are the prime factors of 107318789?
229, 468641
List the prime factors of 578412395.
5, 11, 23, 29, 15767
What are the prime factors of 963213971?
963213971
List the prime factors of 4160016326.
2, 479, 4342397
List the prime factors of 2585454827.
193, 3221, 4159
What are the prime factors of 316695014?
2, 389, 461, 883
List the prime factors of 11252214.
2, 3, 389, 1607
List the prime factors of 1022722724.
2, 255680681
What are the prime factors of 7802793491?
521, 14976571
What are the prime factors of 1454690845?
5, 1181, 246349
What are the prime factors of 1535942651?
181, 619, 13709
What are the prime factors of 27037924?
2, 6759481
List the prime factors of 814810607.
13, 4241, 14779
What are the prime factors of 183232862?
2, 3251, 28181
List the prime factors of 645152382.
2, 3, 7, 5120257
What are the prime factors of 663153883?
7, 9467, 10007
List the prime factors of 1300401849.
3, 71, 439, 13907
What are the prime factors of 14728015?
5, 107, 27529
What are the prime factors of 117520702?
2, 13, 29, 155863
What are the prime factors of 571100201?
7, 81585743
List the prime factors of 1303372301.
7, 11, 16926913
List the prime factors of 40172233.
2297, 17489
List the prime factors of 139364038.
2, 11, 23, 275423
What are the prime factors of 10806693?
3, 31, 116201
What are the prime factors of 17861311?
13, 19, 72313
What are the prime factors of 284509004?
2, 13, 41, 133447
List the prime factors of 4482722524.
2, 7, 269, 595157
What are the prime factors of 47375292?
2, 3, 3947941
List the prime factors of 348195896.
2, 23, 631, 2999
List the prime factors of 6923379571.
6923379571
What are the prime factors of 38444253?
3, 12814751
What are the prime factors of 78129099?
3, 1637, 5303
List the prime factors of 75888513.
3, 8432057
List the prime factors of 128051448.
2, 3, 7, 762211
What are the prime factors of 121515517?
121515517
What are the prime factors of 7790465?
5, 149, 10457
What are the prime factors of 61560203?
31, 67, 107, 277
What are the prime factors of 1525079372?
2, 10639, 35837
List the prime factors of 6920596.
2, 1730149
List the prime factors of 9565427783.
127, 229, 328901
What are the prime factors of 829595370?
2, 3, 5, 27653179
List the prime factors of 879590526.
2, 3, 59, 191, 13009
What are the prime factors of 23009281?
1559, 14759
What are the prime factors of 31027473?
3, 47, 73351
What are the prime factors of 17658796?
2, 29, 152231
List the prime factors of 219908947.
31, 7093837
What are the prime factors of 3069047482?
2, 1534523741
List the prime factors of 141558090.
2, 3, 5, 31, 152213
What are the prime factors of 1871909?
13, 311, 463
What are the prime factors of 413907189?
3, 137969063
What are the prime factors of 157897091?
11, 67, 214243
List the prime factors of 817784538.
2, 3, 139, 980557
List the prime factors of 1734083.
13, 133391
List the prime factors of 75516016.
2, 4719751
List the prime factors of 1218712886.
2, 349, 1746007
List the prime factors of 26005595.
5, 7, 11, 67547
List the prime factors of 375552043.
19, 47, 420551
List the prime factors of 258763664.
2, 17, 107, 523
List the prime factors of 6809586501.
3, 2269862167
What are the prime factors of 999300467?
11, 79, 1149943
What are the prime factors of 1620959016?
2, 3, 67539959
List the prime factors of 1562580601.
23, 659, 103093
List the prime factors of 218648812.
2, 103, 530701
List the prime factors of 93662464.
2, 7, 52267
List the prime factors of 2849890604.
2, 11, 3559, 18199
What are the prime factors of 654499150?
2, 5, 17, 769999
List the prime factors of 17688.
2, 3, 11, 67
What are the prime factors of 1829190394?
2, 2657, 344221
List the prime factors of 6454247539.
347, 18600137
What are the prime factors of 198060107?
7, 23, 43, 61, 67
List the prime factors of 769003001.
13, 1579, 37463
List the prime factors of 672668393.
17, 43, 920203
List the prime factors of 250443855.
3, 5, 29, 191911
What are the prime factors of 52525844?
2, 7, 29, 9241
What are the prime factors of 357508429?
127, 227, 12401
List the prime factors of 165121637.
41, 211, 19087
List the prime factors of 41471389.
41471389
List the prime factors of 1108377630.
2, 3, 5, 677, 18191
List the prime factors of 66295816.
2, 8286977
List the prime factors of 1896240853.
13, 89, 1638929
List the prime factors of 229829705.
5, 7, 6566563
What are the prime factors of 463370878?
2, 1069, 216731
List the prime factors of 1572060643.
389, 4041287
List the prime factors of 76517959.
7, 19, 82189
List the prime factors of 2666497923.
3, 17, 83, 209977
What are the prime factors of 2625792115?
5, 19, 73, 378629
What are the prime factors of 9063282911?
6971, 1300141
List the prime factors of 102360694.
2, 107, 478321
What are the prime factors of 72621263?
11, 13, 17, 29873
List the prime factors of 74986420.
2, 5, 37, 101333
List the prime factors of 109793562.
2, 3, 83, 220469
List the prime factors of 7780226351.
76507, 101693
What are the prime factors of 36869568?
2, 3, 192029
What are the prime factors of 79417300?
2, 5, 794173
List the prime factors of 823688070.
2, 3, 5, 4049, 6781
List the prime factors of 11596997.
239, 48523
List the prime factors of 167350863.
3, 55783621
What are the prime factors of 2532801346?
2, 19, 66652667
List the prime factors of 7431879860.
2, 5, 31, 67, 178909
List the prime factors of 24495920.
2, 5, 23, 13313
What are the prime factors of 374988515?
5, 11, 53, 197, 653
List the prime factors of 1525189061.
11, 138653551
What are the prime factors of 533232540?
2, 3, 5, 17, 174259
List the prime factors of 5421099204.
2, 3, 4889, 10267
List the prime factors of 72259812.
2, 3, 19, 89, 1187
What are the prime factors of 6591896101?
7, 941699443
List the prime factors of 307246548.
2, 3, 7, 113, 32369
What are the prime factors of 232241949?
3, 25804661
What are the prime factors of 27536479?
3037, 9067
What are the prime factors of 150974988?
2, 3, 19, 409, 1619
List the prime factors of 233633441.
233633441
What are the prime factors of 3146492943?
3, 11, 23, 1381859
List the prime factors of 1217640193.
7, 11, 79, 200171
List the prime factors of 2067941968.
2, 61, 773, 2741
List the prime factors of 330308768.
2, 19, 37, 14683
What are the prime factors of 28251626?
2, 13, 29, 89, 421
List the prime factors of 14163592.
2, 1770449
What are the prime factors of 48192758?
2, 1303, 18493
List the prime factors of 95044847.
41, 53, 191, 229
What are the prime factors of 1104871068?
2, 3, 7, 43, 101963
What are the prime factors of 1432145726?